What is the value of (2 - 3 - (20 - 17)) + 7?
3
What is the value of (2 - (1 + -4)) + -6 + 1?
0
Evaluate (28 - 33 - (-1 - 4)) + 6.
6
Calculate (4 - -1) + 1 - 10.
-4
What is (-8 - -4 - -4) + 3?
3
What is 0 - (6 + -6 - (0 - -2))?
2
Evaluate (0 - (-4 + (2 - -1))) + -4.
-3
Calculate -1 + 9 + -2 + (-10 - 2).
-6
What is -4 + (7 - -3) + -4 + 1?
3
Evaluate (1 - -3 - 2) + -2 + -2.
-2
Calculate (-13 - -7) + 5 - 6.
-7
What is -5 - (2 + 3 + -15)?
5
What is 7 + 5 + -9 - 7?
-4
Evaluate -19 + 21 + (-2 - 0).
0
What is (-4 - -1) + 3 - 3?
-3
Evaluate (-2 - -6) + -10 + (-2 - -6).
-2
Calculate (4 - (1 + 5)) + (1 - 0).
-1
What is the value of 3 - (4 - 8 - -1)?
6
(7 + -1 - (0 - -2)) + -10
-6
Calculate -11 + 22 + -5 - 9.
-3
Calculate 12 + (20 - 10) + -16.
6
5 + -2 + -3 + 3
3
Evaluate 1 - (-6 - (-5 - -3)).
5
What is -5 + 4 + 0 + 4?
3
What is the value of -4 + 2 + -3 + 13 + -3?
5
Calculate -2 + (3 - 1) - (7 - 2).
-5
Evaluate (18 - 12 - -3) + -10.
-1
What is the value of -7 - -3 - -4 - -2?
2
Calculate (-2 - (3 + -7)) + (2 - 0).
4
1 - 1 - (12 - -4 - 19)
3
Calculate 1 + (6 + -3 - 4).
0
What is -24 - 2 - (-103 + 88)?
-11
What is -11 + 6 + 10 + -8?
-3
0 - (1 + -5 + -2)
6
0 - 1 - (2 + (-3 - -2))
-2
What is (6 - (7 + -4)) + -8?
-5
What is the value of 18 + -27 + 0 + 2?
-7
1 - 7 - (7 + -7)
-6
Calculate -4 + (6 - 1) - (-7 - -3).
5
What is the value of -6 + (-7 - -3) + 7?
-3
What is the value of (-3 - -1) + 2 + (-47 - -41)?
-6
Evaluate 2 - (2 + (3 - (1 - -2))).
0
What is -1 + -7 + (19 - 14)?
-3
What is the value of 2 - (3 - -11) - -9?
-3
Evaluate 13 - (2 - (7 - 10)).
8
What is the value of 5 - 3 - ((2 - -8) + -3)?
-5
Evaluate 3 - 4 - ((0 - 3) + 5).
-3
What is the value of (3 - 3) + -8 + (2 - -3)?
-3
Calculate 16 - 8 - (-2 + 12).
-2
2 + 5 + (5 - 16) + 0
-4
What is the value of -3 - 3 - -12 - (0 + 2)?
4
What is the value of (1 - 5) + (-3 + 11 - -1)?
5
What is 2 - (6 - (-4 - -6))?
-2
Calculate -8 - (-1 + -2 + -2).
-3
What is 11 - ((4 - 2 - 1) + 2)?
8
What is -42 - -38 - (1 + -1 + -1)?
-3
Calculate (2 - 5) + 4 + 2.
3
What is the value of 1 + (-2 - 1 - -1)?
-1
What is -9 + 2 - (76 + -82)?
-1
Evaluate (1 + 3 - 2) + (-18 - -9).
-7
Evaluate 6 + -3 + -3 + -5.
-5
What is the value of (3 - -3) + (-8 - -5) + 4?
7
Evaluate -6 + 10 - (5 + 5) - -7.
1
Evaluate -8 - -3 - (-7 + 3).
-1
(-5 - -11) + -10 + 4
0
Evaluate -9 - -3 - (1 - (0 + 3)).
-4
Evaluate 8 - (-1 - -5) - 8.
-4
What is the value of 8 - ((3 - 6) + 7 + -4)?
8
What is the value of 1 + (-1 - (9 - 11))?
2
What is 15 + -6 + -8 + 5?
6
Calculate 14 + 3 + (-8 - 2).
7
What is -10 + -9 + 6 + 10?
-3
What is the value of 10 - (11 - 5) - -2 - -5?
11
-1 - -4 - (7 + -1)
-3
What is the value of -14 + -3 + 8 + 14?
5
Calculate 3 + (-4 - -3 - 4 - 1).
-3
What is the value of (0 - 5) + (-77 - -80)?
-2
-8 + 7 + -2 - 1
-4
What is the value of (6 - 3) + 0 + -2 + 3?
4
Evaluate 3 + -3 - (23 + -27).
4
What is the value of -13 + 18 - (2 - 1)?
4
Calculate 0 + -1 + -5 + -6 - -6.
-6
Evaluate (5 - 4) + 4 - 2 - 4.
-1
Evaluate 1 + 7 + (15 - 18).
5
Evaluate -1 + 7 + -2 + -5.
-1
What is -1 + (12 - 9) + -7?
-5
Evaluate -2 - -5 - -4 - 11.
-4
Evaluate (-5 - -2) + -1 + 3.
-1
(-5 - -4 - -6 - 4) + 7
8
Evaluate -8 + 7 + -8 - -6.
-3
What is -1 + (-3 - -9) + -1?
4
-6 + -1 - (-4 - (-3 - -3))
-3
Calculate -1 - -5 - (5 + 1).
-2
What is the value of -6 + (7 - -1 - 4)?
-2
3 + (3 - 7 - -1) + 4
4
41 - 48 - (0 - 8)
1
What is -8 + -11 + 8 - -11?
0
What is the value of (-45 - -46) + -2 + -1?
-2
What is (-3 - (2 + -4)) + -4?
-5
6 + 3 + 3 + -7
5
Evaluate 8 - 5 - (2 + 8).
-7
5 + (1 + -2 - (5 + -2))
1
Calculate -1 - 5 - (0 + -5).
-1
What is (7 - 5) + -2 + (2 - -2)?
4
Evaluate 2 + 0 + 3 + -5 + 1.
1
Calculate -1 + 5 - 1 - (-11 - -10).
4
Evaluate 14 - 18 - (-1 - 5).
2
Evaluate -10 + (-4 - -5) + 4.
-5
Calculate -8 + 2 + -3 + 0 + 0.
-9
Calculate -1 + -2 - (-6 - (-1 - -3)).
5
-1 - (12 - 13 - -6)
-6
What is -13 - (-7 + 0) - -7 - 8?
-7
Evaluate 0 - 4 - (-25 - -22).
-1
What is the value of 2 + (3 - -1) - 9?
-3
Evaluate 2 + 4 + (30 - 29).
7
What is (-3 - 5) + 5 - (-3 - -5)?
-5
What is the value of -25 + 23 + (-1 - (-1 - -2))?
-4
Calculate 2 - (3 - -2 - (11 + -8)).
0
Evaluate -4 + 5 + (2 - 2 - -2).
3
Evaluate (-1 - (-2 - -1)) + -2.
-2
(3 - ((0 - -5) + 3)) + -1
-6
Evaluate 2 + 6 + -1 + -6 + 2.
3
Calculate (-4 - -12 - 5) + (0 - 4).
-1
(-4 - 0) + (-25 - -27)
-2
What is the value of 0 + 2 - 4 - -4?
2
Calculate -3 + 4 + 4 + -9 - -6.
2
-6 + (-6 - (-2 + -10)) + 6
6
Calculate -6 + (11 + 1 - 5).
1
-1 + (7 - 10) + 9
5
What is 2 + (0 - ((5 - 0) + -6))?
3
Calculate 3 - (-8 - -5) - 1.
5
What is the value of (-3 - 0) + (13 - 11)?
-1
What is -4 + (7 - (4 + 1))?
-2
What is 1 - ((-3 - 1) + (16 - 14))?
3
What is 1 - (-3 + 3 - 0)?
1
3 + (-4 - 0) - -2
1
(-11 - -3) + (8 - 1) + -4
-5
Calculate -4 + 0 + -7 + 22 + -6.
5
What is 1 + 5 + (-6 - -4)?
4
-5 - (2 + (0 + 3 - 3))
-7
Calculate -4 + 1 + -8 + 5 + 6.
0
What is -4 + (9 - 2) + -2?
1
Calculate 3 - (-5 + 6) - (1 + 2).
-1
What is (20 + -15 - (8 + -1)) + 9?
7
Calculate (-2 - 0) + 6 + 6 + -8.
2
What is the value of -11 - (-3 - 3) - (-5 - 1)?
1
Calculate -5 + 2 + 2 + -6 + -1.
-8
Calculate (4 - 1) + (-5 - (9 - 6)).
-5
Evaluate -3 - (-2 - (-6 + -1 + 7)).
-1
-1 + 4 - (-9 - -4 - -8)
0
What is 8 + (-17 - -9) - -6?
6
(-1 - 0) + -1 + 0 + -1
-3
Calculate -1 + (2 - (-6 - -13 - 1)).
-5
What is 9 + -8 - (2 - 6)?
5
What is the value of -1 - (5 + -2 - (-4 - -5))?
-3
What is the value of 0 + (-6 - 0) - 1 - -2?
-5
Evaluate -7 - (-5 + -11) - 11.
-2
9 + (-3 - -1) - 3
4
(8 - 6) + 1 + 2
5
Evaluate 3 + -1 + (-11 - -9).
0
What is (-1 - -7 - 0) + -4 + 1?
3
What is 4 + 8 - (-9 - -12)?
9
Calculate -150 + 162 + (-14 - 1).
-3
Calculate -4 - 6 - -3 - -5.
-2
Evaluate -1 + 4 + (-22 - -21).
2
Calculate (1 - 9) + -3 + 1 + 6.
-4
(18 - 21) + (9 - 1)
5
Calculate 1 - (110 + -108 + -4 + 1).
2
What is -1 + (-2 - -6) + 4 + -6?
1
Evaluate -6 - (5 + -9 + 5 - 6).
-1
What is 11 - ((6 - 5) + 3)?
7
What is 18 - (-7 + 27) - (-1 - 1)?
0
(1 - -2) + (2 - (-2 - -5))
2
Evaluate (-2 - -7) + -6 + 0.
-1
-7 - (-3 + (6 - (1 - 1)))
-10
What is (-10 - -14) + 0 + -2?
2
Evaluate (2 - 1 - -4) + -9.
-4
What is the value of 8 + (1 - (3 - 4 - -6))?
4
What is the value of -7 + (-1 - (-5 - -2)) + 1?
-4
Calculate 4 + -5 + -2 + 6.
3
What is (-1 - (3 - (0 + 1))) + 6?
3
What is the value of -1 + -3 + -1 + 8?
3
Calculate -4 - ((7 + -15 - -5) + 5).
-6
Calculate 1 - (1 + 2 + -3).
1
Evaluate -19 + 8 - -3 - -8.
0
What is 12 + -8 + (3 - (12 - 4))?
-1
Calculate -4 + -3 + 2 + -1.
-6
Evaluate -5 + (-2 - -3) - -3.
-1
What is the value of 0 - (2 - 4 - (-10 + 2))?
-6
Evaluate 7 + -3 + 0 - 8.
-4
-6 + 11 + -1 - 1
3
Evaluate -6 + -1 + (6 - 4).
-5
-35 + 42 + -14 + -2
-9
Calculate 12 + 3 + -9 - 0.
6
Calculate -8 - (0 + 5 + -9).
-4
0 + -1 + (-3 - -6) + -5
-3
What is the value of -3 + 1 + -3 + 4?
-1
0 + 0 + -3 + -2 + 0
-5
1 + 0 + (2 - 3) + -4
-4
Evaluate 32 + -23 - (-1 + 7) - 2.
1
What is -4 + (-2 - (-1 + -2) - -7)?
4
What is the value of -3 + (16 - (5 + 1))?
7
(-2 - 1) + 5 + 5 + -11
-4
Evaluate 4 - ((-2 - -5) + 1).
0
What is (-1 + 4 - -1) + -1 + -5?
-2
What is (111 - 103) + 0 + (-3 - -1)?
6
(-2 - 1) + 6 + 4 + -12
-5
What is the value of (-1 - -5) + (-12 - -16) - 6?
2
Evaluate 1 - (2 + (7 - 5)) - 2.
-5
6 + (-2 - 3) + 3
4
What is the value of 0 + -5 + 1 + 3?
-1
What is 3 - (15 + 2 + -10)?
-4
What is the value of -5 + 1 + (0 - 0)?
-4
-6 + -6 - -6 - -9
3
What is the value of (-19 - -19) + -1 + 2 + -1?
0
What is 8 - (2 - (3 - 12))?
-3
Evaluate (-4 - -3) + (-4 - -8).
3
Evaluate (-3 - 0) + 3 - 2.
-2
Evaluate -2 - 1 - (-8 - -14 - 6).
-3
Evaluate 15 + -11 - (-1 - -8).
-3
Calculate 2 + -12 + 0 + 6.
-4
What is the value of (2 - 6 - -12) + -4 - -1?
5
-18 - -14 - (1 - (7 - 2))
0
Calculate 6 - 1 - (2 - (-1 - 1)).
1
What is 2 + 2 + -4 + (1 - 3)?
-2
Evaluate 9 - (6 + 0 + 1).
2
What is the value of -6 + 18 - 9 - (-1 + -2)?
6
5 + (0 - (0 - -3))
2
Evaluate -65 + 66 - (-1 - 2).
4
Calculate 2 - 3 - -5 - (7 + -1).
-2
What is the value of -1 - -1 - (4 - -1 - 0)?
-5
Evaluate -4 + 7 + 1 + -7.
-3
What is the value of -5 - (11 - 9) - -6?
-1
What is the value of (-9 - -9) + 0 - -3?
3
Calculate (7 - 0 - 3) + -2 - -3.
5
What is (3 + -1 - 5) + -2 - -2?
-3
Calculate -1 + (-4 + 8 - 1).
2
Evaluate 0 - (2 - -1 - 8).
5
-1 + 3 + (0 - 0)
2
Calculate -6 + (2 - -7) + (-6 - 1).
-4
What is 2 - (11 + -